te the highest common divisor of 63 and m.
7
Let g = -1 - 60. Suppose -4 = 2*v, 5*s = -2*v + 4 + 542. Let q = s + g. What is the greatest common factor of 7 and q?
7
Let w be (-1)/(-3)*(-7 + 16). Suppose 2*v + 394 = w*v. Suppose -106 = -5*p + v. Calculate the greatest common factor of p and 10.
10
Let a be -2 - -2 - (-33 - 0). Suppose 128 = q + a. What is the greatest common factor of 38 and q?
19
Let c be 9/(-1*3/(-6)). What is the greatest common factor of c and 12?
6
Let r = 11 - -24. Let h = r + -24. What is the greatest common factor of h and 99?
11
Suppose -2*v - 4*p + 56 = 0, 2*v - 3*p = -22 + 99. Suppose -4*i = -2*x - v, -x = 3*i - i - 19. What is the greatest common divisor of i and 27?
9
Let a = -230 - -330. What is the greatest common divisor of a and 20?
20
Suppose 42 = -2*l + 4*m + 106, 2*l = 2*m + 62. Calculate the greatest common divisor of l and 12.
6
Let r = 3 + -1. Suppose -4*c + 23 = -3*p + 2, -4*c + 46 = r*p. Calculate the highest common factor of 9 and c.
9
Let n = 125 + 51. Let i(x) = x**2 + 2*x + 1. Suppose 2*t = -8 - 2. Let b be i(t). What is the greatest common divisor of n and b?
16
Let y(g) = -g**3 + 6*g**2 - 8*g + 2. Let a be y(4). Calculate the greatest common factor of 4 and a.
2
Let c = -8 + 16. Suppose 3*m = 5 + 1. What is the highest common factor of m and c?
2
Suppose 0 = -2*g + 24 + 24. Calculate the highest common factor of 36 and g.
12
Let c be (6/10)/(8/200). Calculate the greatest common factor of 10 and c.
5
Suppose 2*p - 114 = -p. Suppose 5*c + n + 3 = 0, 3*c - 2*n - 2*n - 12 = 0. Suppose 0 = -c*x + 4*x - 76. What is the highest common factor of x and p?
19
Suppose -2*i - 22 = -4*d, -3*i = 11 + 4. Let h = d - -6. Let b be 590/6 + 6/9. What is the greatest common divisor of b and h?
9
Suppose -b - 70 = -6*b. Let f be 30/7 - 4/b. Suppose 4*m = q, f*m + 11 = 2*q + 3. What is the greatest common divisor of 2 and q?
2
Let v(z) = z**3 + 10*z**2 - 8*z - 7. Let t be v(-5). Suppose -d + r + t = 0, -2*d - d + 468 = -5*r. Calculate the highest common divisor of d and 23.
23
Let a be 1/6 - (-890)/60. What is the greatest common divisor of a and 120?
15
Let p(j) = 2*j**2 + 3*j. Let c be p(-4). Calculate the highest common divisor of 15 and c.
5
Suppose -o + 3 = 2. Calculate the highest common divisor of o and 11.
1
Let i be 3/((72/20)/6). Let g(y) = -5*y. Let u be g(-2). What is the greatest common factor of u and i?
5
Let j be (75 + 1)/4*-5. Let w = 13 - j. Calculate the greatest common divisor of 27 and w.
27
Let h be 12*1*18/4. Suppose -63 = -3*u + 45. What is the highest common divisor of h and u?
18
Let w(s) = s**2 - 6*s + 1. Let p(z) = -z**2 + 5*z - 2. Let u(y) = -5*p(y) - 6*w(y). Let a be u(8). What is the highest common divisor of a and 42?
14
Let r(l) = 13*l**3 + 3*l**2 - l - 2. Suppose 2*z = 1 + 3. Let g be r(z). Calculate the greatest common divisor of 16 and g.
16
Suppose 0 = -4*u + 21 - 9. Suppose -2*b + k = -13, -47 = -5*b + u*k - 12. What is the highest common divisor of 4 and b?
4
Let b be (15 - -3 - 0) + -2. Let m = -9 + b. What is the highest common divisor of 56 and m?
7
Let n = 716 + -492. Calculate the greatest common factor of 14 and n.
14
Let p(v) = v**3 + v**2 + 6. Let i be p(0). Calculate the greatest common divisor of 54 and i.
6
Suppose -16 = a - 3*a. Suppose 5*b = y + 11, -16 = -a*y + 4*y + 5*b. What is the greatest common factor of y and 1?
1
Let f(y) = -y + 120. Suppose 5*r + 5*x + 15 = 0, 0 = 7*r - 2*r + 4*x + 12. Let s be f(r). Suppose 2*h - 8 = 22. Calculate the greatest common factor of h and s.
15
Suppose -4*j + 2*j = -34. Suppose 0 = l - 3*l + 238. What is the greatest common divisor of l and j?
17
Suppose 0 = -h - 3*k - 35, 0 = -2*h + h + 4*k - 7. Let x = -11 - h. Calculate the highest common divisor of 3 and x.
3
Suppose 5*f + 3*y - 33 = 0, -13 = -3*f - 2*y + 7. Suppose -f*i - 25 = -7*i. What is the highest common divisor of 225 and i?
25
Suppose q + 0*q + t - 81 = 0, 0 = 2*t - 6. Calculate the greatest common divisor of q and 6.
6
Let z be 0 - ((2 - 2) + -14). Let y(f) = 2*f. Let i(s) = s**3 - s + 1. Let h be i(2). Let m be y(h). Calculate the highest common factor of m and z.
14
Suppose -b - 17 + 62 = 0. Calculate the greatest common factor of b and 9.
9
Let t(g) = g**2 + 4*g - 10. Let q be t(7). Let c = -39 + q. Calculate the highest common divisor of 70 and c.
14
Suppose 6 = 5*v - 914. Calculate the greatest common divisor of v and 23.
23
Suppose 2*x + 2 = 22. Let w(p) = 9*p + 7. Let k be w(-4). Let b = x - k. What is the highest common divisor of b and 13?
13
Let x be (-3)/(5/2 - 3). What is the greatest common factor of x and 162?
6
Let s(w) = w**3 + 4*w**2 + 2*w - 2. Let x be s(-2). Let y be (-193)/(-3) - x/(-3). What is the greatest common factor of y and 13?
13
Let y(x) be the second derivative of x**3/6 - 4*x**2 + 3*x. Let h be y(8). Let n be h - (3 + -52 + -1). Calculate the highest common factor of n and 10.
10
Let b be (-4)/(-14) - 178/(-14). Suppose 0 = -3*q + 1 - 4, 5*q = 3*c - 44. Calculate the greatest common factor of c and b.
13
Let d = 21 + -13. Let f = 120 + -64. What is the highest common divisor of d and f?
8
Let z(m) = 10*m**2 - 4*m + 4. Let w be z(3). Let c be (w - (0 - 1)) + -3. What is the greatest common factor of c and 10?
10
Suppose s - 4 = -s. Let v = 13 + -7. Suppose -v*b + 44 = -s*b. What is the highest common divisor of b and 88?
11
Let s(t) = t**3 + 5*t**2 + 5*t + 6. Let c be s(-4). Suppose -c*u = 3*u - 500. Calculate the highest common divisor of 20 and u.
20
Let b = 22 - 17. Calculate the highest common factor of b and 15.
5
Let z = -3 + 11. Suppose 5*v - 76 = -2*c + 91, 2*c + 3*v = 169. Suppose c = -3*m + 5*m + 2*t, 154 = 4*m - 2*t. What is the greatest common divisor of m and z?
8
Let o = 0 + 14. Suppose 0 = h - 4 - o. Calculate the highest common divisor of h and 2.
2
Let x = -16 - 6. Let r = x + 27. Let y(n) = -10*n + 5. Let b be y(-5). Calculate the highest common divisor of b and r.
5
Suppose g + 4*h - 29 = 3*h, -3*g + 94 = -4*h. What is the highest common factor of 105 and g?
15
Let v = 2 - -2. Let u be -2 + (-1)/(-2)*v. Suppose u = y - 0*y - 7. Calculate the highest common factor of y and 7.
7
Let b = -115 + 214. What is the highest common divisor of b and 11?
11
Let y = 0 - -65. Calculate the highest common divisor of 13 and y.
13
Let j be -2 + 5/(10/8). Suppose 3*a - j*a - 2 = 0. Let q be a + -1 - (-8 - -4). What is the greatest common factor of q and 45?
5
Let c = -125 + 175. What is the greatest common divisor of 75 and c?
25
Let i be ((-210)/18)/(1/(-3)). Suppose 1 = -5*q + 11. Suppose -2*u = q*u - 28. What is the greatest common divisor of u and i?
7
Let k = 12 + -9. Suppose -2 = -k*v + 70. Let r = 37 - 25. Calculate the highest common factor of v and r.
12
Let v(b) = b**3 - 6*b**2 + 11*b - 1. Let g be v(4). Calculate the greatest common factor of g and 121.
11
Let t be (6 + 21/(-9))*15. Let o(k) = -2*k - 5. Let g be o(-5). What is the highest common factor of t and g?
5
Suppose -3*q - c + 648 = 3*c, 12 = 4*c. Suppose -q + 52 = -2*g. Calculate the highest common divisor of 20 and g.
20
Suppose -2*t - 3*t = 30. Let l be (9/t)/(3/4). Let x be (4/l)/(2/(-3)). Calculate the greatest common factor of x and 21.
3
Suppose 2*l = -8 - 4. Let t = l + 14. What is the highest common divisor of t and 2?
2
Let d(z) be the second derivative of z**3/2 + 7*z**2/2 - 2*z. Let t be d(9). Calculate the greatest common divisor of t and 17.
17
Let g be (33/(-1))/((-3)/(-4)). Let l be (-4)/(-22) - 2280/g. Calculate the highest common divisor of 130 and l.
26
Let a be 1*(-46)/(-10) - 66/(-165). Let o be (-1256)/(-14) - (-4)/14. Suppose -o = -3*r + 4*c - a*c, r - 30 = c. What is the greatest common factor of r and 75?
15
Let q = -59 + 79. What is the highest common factor of 25 and q?
5
Let a(p) = p**3 - 3*p**2 - 4*p + 4. Let c be a(6). Calculate the greatest common factor of 8 and c.
8
Suppose -4*n + 5*n = -4*m + 52, 4*m = -20. Suppose 0 = -2*r - r + n. What is the highest common divisor of r and 36?
12
Let f = 245 - 45. Calculate the greatest common factor of 25 and f.
25
Let z(f) = -f**2 - 5*f + 3. Let y be z(-5). Suppose -20 = -t + 2*n + n, -3*n - 30 = -y*t. What is the greatest common factor of t and 2?
1
Let h = 16 - 9. Let m(a) = a**2 + 4*a +